 is the greatest common factor of 92207 and 361?
19
What is the greatest common divisor of 1214277 and 129?
129
Calculate the greatest common divisor of 3105 and 135.
135
What is the highest common divisor of 415 and 340715?
415
Calculate the greatest common divisor of 51590 and 280.
70
Calculate the greatest common factor of 7911 and 297.
27
What is the greatest common divisor of 205 and 13660?
5
Calculate the greatest common divisor of 40 and 135450.
10
What is the greatest common factor of 25380 and 1140?
60
Calculate the highest common divisor of 40 and 7848.
8
What is the highest common factor of 31188 and 9718?
226
What is the greatest common factor of 3081 and 2607?
237
What is the highest common factor of 17702 and 15364?
334
Calculate the highest common divisor of 3024 and 4956.
84
What is the greatest common divisor of 76 and 389386?
38
What is the highest common divisor of 454440 and 840?
840
Calculate the greatest common factor of 63 and 2358783.
63
What is the greatest common divisor of 8316 and 131922?
378
What is the highest common divisor of 44 and 20350?
22
Calculate the greatest common factor of 349001 and 1052.
263
Calculate the greatest common divisor of 9120 and 1760.
160
Calculate the greatest common divisor of 12240 and 13824.
144
What is the highest common divisor of 56013 and 3?
3
What is the highest common factor of 1181 and 92118?
1181
Calculate the greatest common divisor of 5271 and 6594.
21
What is the highest common divisor of 12771 and 43?
43
Calculate the greatest common divisor of 27635 and 215.
5
Calculate the greatest common divisor of 173900 and 50.
50
What is the highest common divisor of 295 and 49619?
59
What is the highest common divisor of 248448 and 96?
96
What is the highest common factor of 32316 and 20?
4
What is the highest common divisor of 22987 and 1629?
181
What is the greatest common divisor of 2174536 and 309?
103
Calculate the greatest common factor of 118 and 10947509.
59
Calculate the greatest common divisor of 25 and 32975.
25
What is the greatest common factor of 330617 and 21?
7
What is the greatest common factor of 7614 and 69822?
162
What is the greatest common factor of 432 and 12264?
24
What is the greatest common divisor of 6048 and 37688?
56
What is the greatest common divisor of 2970 and 13014?
54
Calculate the greatest common factor of 2 and 307628.
2
What is the highest common factor of 516 and 464271?
129
What is the greatest common divisor of 12 and 37448?
4
What is the highest common divisor of 196 and 1025766?
98
What is the highest common divisor of 488413 and 503?
503
Calculate the greatest common divisor of 913 and 10375.
83
Calculate the greatest common factor of 8596 and 448.
28
What is the highest common divisor of 443850 and 275?
275
Calculate the highest common divisor of 282910 and 3230.
190
What is the highest common divisor of 919747 and 46?
23
Calculate the highest common factor of 10832 and 128.
16
Calculate the greatest common factor of 25029 and 6561.
243
What is the highest common divisor of 7434 and 85302?
126
Calculate the greatest common factor of 400 and 2770.
10
What is the greatest common factor of 87788 and 136?
68
Calculate the highest common factor of 559 and 39091.
13
What is the highest common divisor of 263823 and 7140?
357
Calculate the greatest common factor of 2258940 and 40.
20
Calculate the highest common divisor of 154 and 633017.
77
Calculate the highest common divisor of 380 and 2755304.
76
Calculate the highest common divisor of 588 and 49196.
196
Calculate the greatest common divisor of 1098 and 522.
18
What is the highest common divisor of 1018 and 26977?
509
What is the highest common factor of 31332 and 3948?
84
Calculate the greatest common divisor of 23254 and 29876.
154
Calculate the highest common factor of 38752 and 896.
224
Calculate the highest common divisor of 4968 and 584.
8
What is the highest common divisor of 1296 and 2656?
16
Calculate the highest common divisor of 36 and 1720.
4
Calculate the highest common divisor of 760 and 3200.
40
What is the greatest common factor of 5460 and 849420?
780
What is the greatest common factor of 54 and 603504?
54
What is the greatest common divisor of 144066 and 26?
26
Calculate the highest common factor of 73271 and 55.
11
Calculate the greatest common factor of 73728 and 304.
16
What is the greatest common factor of 160 and 78440?
40
What is the highest common factor of 4606 and 229642?
658
What is the highest common divisor of 327 and 132435?
327
Calculate the highest common factor of 206766 and 1638.
126
Calculate the highest common factor of 2132 and 78598.
26
What is the highest common divisor of 304 and 2829784?
152
Calculate the highest common factor of 10 and 146525.
5
What is the greatest common divisor of 33433 and 46906?
499
Calculate the highest common divisor of 60 and 2388.
12
What is the greatest common factor of 10 and 2814000?
10
What is the greatest common divisor of 355232 and 51?
17
What is the greatest common factor of 74324 and 918?
34
What is the greatest common divisor of 9 and 21435?
3
Calculate the highest common factor of 2162 and 2369.
23
What is the greatest common factor of 302324 and 55?
11
Calculate the highest common factor of 456 and 487806.
114
What is the highest common divisor of 333 and 107?
1
What is the highest common factor of 21371 and 639?
71
Calculate the greatest common factor of 41710 and 510.
10
What is the greatest common divisor of 68962 and 82?
82
Calculate the greatest common divisor of 573 and 9.
3
What is the greatest common divisor of 28730 and 1360?
170
Calculate the greatest common divisor of 10 and 41865.
5
Calculate the greatest common divisor of 2240 and 928.
32
Calculate the highest common divisor of 40 and 622176.
8
What is the highest common factor of 24 and 417?
3
Calculate the greatest common factor of 1134 and 85470.
42
Calculate the greatest common factor of 12606 and 10123.
191
Calculate the highest common factor of 3834 and 390216.
426
Calculate the greatest common factor of 280 and 82796.
28
Calculate the greatest common divisor of 391 and 1377.
17
What is the highest common factor of 288 and 23472?
144
Calculate the greatest common factor of 84 and 3711939.
21
Calculate the highest common factor of 237399 and 3.
3
Calculate the greatest common factor of 2337961 and 977.
977
Calculate the greatest common factor of 460 and 42803.
23
Calculate the greatest common divisor of 426 and 6012351.
213
What is the greatest common factor of 9625 and 616?
77
What is the greatest common factor of 13 and 3122717?
13
Calculate the highest common factor of 2681 and 63.
7
Calculate the highest common factor of 312999 and 303.
303
Calculate the highest common divisor of 77 and 51394.
7
What is the highest common factor of 234234 and 7150?
286
Calculate the highest common divisor of 56 and 49672.
56
What is the highest common factor of 70824 and 39000?
312
What is the highest common divisor of 238813 and 262?
131
What is the highest common divisor of 68 and 210698?
34
What is the greatest common factor of 299 and 125?
1
Calculate the highest common factor of 1164824 and 16.
8
Calculate the greatest common factor of 31702 and 121.
121
Calculate the highest common divisor of 15186 and 12.
6
Calculate the highest common divisor of 11704 and 55.
11
What is the greatest common divisor of 14376 and 249?
3
Calculate the highest common divisor of 11 and 129811.
11
What is the greatest common factor of 1188 and 2187108?
1188
Calculate the greatest common divisor of 1736 and 3984988.
868
Calculate the highest common factor of 196471 and 371.
53
What is the greatest common factor of 30 and 75610?
10
What is the greatest common factor of 114 and 32547?
57
Calculate the greatest common divisor of 13180 and 15.
5
Calculate the greatest common divisor of 11 and 56617.
11
What is the highest common divisor of 7220 and 13452?
76
What is the greatest common divisor of 38 and 1463057?
19
Calculate the greatest common factor of 240634 and 316.
158
Calculate the highest common factor of 96311 and 411.
137
Calculate the highest common factor of 32504 and 38240.
1912
What is the greatest common divisor of 903880 and 5900?
1180
Calculate the greatest c